5 = -n*z. What is the remainder when 118 is divided by a?
22
Suppose 0 = a + 3*a - 48. Let h(r) = -4*r - 23 + a + r. What is the remainder when 47 is divided by h(-9)?
15
Let w = -104 - -118. What is the remainder when 12 is divided by (-4 - (-7 - -2))/(2/w)?
5
Let l = 22 + -17. Suppose 2*k - 8 = y, -2*y + l*y = 0. Suppose -j = -k*j + 102. Calculate the remainder when j is divided by 7.
6
Suppose -19*x = -874 - 190. Let u(c) = c - 3*c**2 + 0 - 1 + 4*c**2. Calculate the remainder when x is divided by u(5).
27
Let j(p) = -p**3 + 5*p**2 + 6. Let q be ((-8)/12)/((-1)/6). Calculate the remainder when 86 is divided by j(q).
20
Suppose -5*j - 4*f = -59, -20*f + 23*f + 41 = 4*j. Let n(g) = -g + 20. What is the remainder when n(0) is divided by j?
9
Let r be 3/12 + 14/8. Suppose -20 = 3*y + r*y, -4*z + 52 = -4*y. What is the remainder when (-105)/45*(-4059)/231 is divided by z?
5
Let b = 12 + 106. Calculate the remainder when b is divided by 2/(-21)*(51 + -44)*(-46 + 1).
28
Let d = -7 + -1. Let u(s) = s**3 + 10*s**2 + 13*s + 6. What is the remainder when u(d) is divided by 17?
13
Suppose 3*v + 36 = 4*d, -9 = -2*d - 3*v + 9. Let x(b) = -5*b - 13. Let j be x(-9). Let h = j - 27. What is the remainder when d is divided by h?
4
Let n be ((-24)/(-40))/((-1)/(-15)). Calculate the remainder when 6/18 + 501/n is divided by 19.
18
Let g(d) = -d**3 + 5*d**2 + 7*d - 4. Suppose -2*z + 25 = 5*v, -v + 5 = -4*z - z. Calculate the remainder when g(5) is divided by v.
1
Let u = 221 + -169. Calculate the remainder when 147 is divided by u.
43
Suppose -20*b = 100*b - 1320. Let w = -23 + 110. Calculate the remainder when w is divided by b.
10
Let j(h) = -h**2 - 16*h + 22. Let l be j(-17). Suppose -3*o = -p - l + 10, 4*p - 68 = -4*o. What is the remainder when p is divided by 9?
5
Suppose 3*r = -h - 6, -5*r = -4*h - 1 + 11. Suppose -35 = -4*k - h*g + g, 3 = -g. What is the remainder when 39 is divided by k?
7
Let w = -256 + 92. Let o = 3 - w. Calculate the remainder when o is divided by 12.
11
Let f = -14 - -14. Suppose f = 9*s - 11*s. Let i(k) = k + 25. Calculate the remainder when i(s) is divided by 7.
4
Let f(g) = g**2 - 3*g + 10. Let q(v) = 4*v**2 - 34*v - 12. Let j be q(9). Calculate the remainder when f(j) is divided by (-3)/(-1)*(1 + 4).
13
Let u be 12*-2*57/(-24). Let o = -38 + u. Calculate the remainder when o is divided by 10.
9
Let d(q) = -2*q**2 + 23*q - 13. Let i(l) = -l**3 - l**2 + 125. What is the remainder when i(0) is divided by d(9)?
29
Let x(i) = -10*i + 4. Let h(s) = 25*s - 5. Let q(r) = 6*r - 1. Let z(b) = 2*h(b) - 9*q(b). Let t be z(1). Calculate the remainder when x(t) is divided by 19.
16
Let u(p) = 5*p**2 + p + 1. Let w be u(-1). Let l(f) = 2*f**3 - 7*f**2 - 4*f + 9. Calculate the remainder when l(w) is divided by 17.
13
Suppose -2*n + 29 = 5*h, 4*n + 5*h - 3*h = 18. Suppose 5*i - 2*g = 47 + 18, i - n*g = 21. What is the remainder when 17 is divided by i?
6
Let o(c) = -c**3 - 4*c**2 - 4*c + 553. Calculate the remainder when o(0) is divided by 15.
13
Suppose 74 = -4*y + 8*r - 3*r, -4*y - 82 = -r. Let t = -15 - y. Suppose t*k - k - 155 = 0. Calculate the remainder when k is divided by 16.
15
Let q = 40 - -12. Let x = q - 48. Calculate the remainder when 9 is divided by x.
1
Let c(b) = -8*b - 1. What is the remainder when (1/6)/(7/1806) is divided by c(-3)?
20
Let g = 10 - 5. Suppose 82 = 3*u + 5*m, -2*u + 13 = -0*u - g*m. Suppose 0*t - x = 3*t - 33, 0 = 2*t - 2*x - 22. Calculate the remainder when u is divided by t.
8
What is the remainder when 663 is divided by (-7)/609*-789 - 4/58?
6
Let h = -138 - -139. Suppose 2*i - 4*d = 13 - h, i = 4*d - 2. What is the remainder when 36 is divided by i?
8
Let w(n) = 5*n**2 + 4*n + 1. Let a be w(-1). Suppose 0 = -a*v - 3*t + 60, -7*t - 60 = -2*v - 2*t. Calculate the remainder when v is divided by 11.
8
Suppose 0 = -3*c + 24 + 27. Suppose -c = -o + 30. Calculate the remainder when o is divided by 13.
8
Suppose -50 = 5*u - i, -3 + 34 = -u - 4*i. Let x be ((-4)/2)/(1 + -2). Calculate the remainder when 85 is divided by x/u + 3852/132.
27
Let n(h) = h**2 + 11*h + 36. What is the remainder when n(-8) is divided by 3?
0
Calculate the remainder when (-2)/3 - (-2848)/96 is divided by 20.
9
Suppose -34 = -2*u - 2*n, -n - 2*n = u - 9. Let v(j) = j**2 - 19*j + 12. Let z be v(7). Let a = -66 - z. What is the remainder when u is divided by a?
3
Let d(r) = 4*r**3 + 48*r**2 - 4*r + 13. Suppose 0 = -4*x + 38 + 46. What is the remainder when d(-12) is divided by x?
19
Suppose 0 = w + w + 5*t - 1313, -1997 = -3*w - 2*t. Calculate the remainder when (4/12*-1)/((-1)/w) is divided by 45.
43
Suppose 0 = 85*h - 86*h + 57. Suppose -6*f = -h + 27. What is the remainder when (-17)/(-3)*3/1 is divided by f?
2
Suppose 0 = -0*j - j - 3, -4*j = -2*p + 24. Suppose 0 = 3*g - 35 - 10. What is the remainder when 3/p*0 - -28 is divided by g?
13
Let a(g) = g - 2. Let z be a(1). Let h = 2 - z. Suppose -o + 5*o - 49 = -h*u, -5*u + 3*o + 43 = 0. Calculate the remainder when 31 is divided by u.
9
Let g(t) = 2*t + 101. What is the remainder when 457 is divided by g(-17)?
55
Let g be (-3)/(18/(-28))*(-66)/(-4). Suppose -5*m = 4*y - 76, 0*y + g = 5*m + 3*y. What is the remainder when 43 is divided by m?
11
Calculate the remainder when (94 - 90) + (279 - 0) is divided by 32.
27
Let m(g) = -9*g - 103. Calculate the remainder when m(-15) is divided by 14.
4
Suppose -4*t + 2*b - b = 332, 249 = -3*t + 3*b. Let h = t + 118. Calculate the remainder when 102 is divided by h.
32
Let s = -70 + 155. Suppose 0 = 4*m - 171 - s. What is the remainder when m is divided by 13?
12
Let y = -1524 - -2277. Calculate the remainder when y is divided by 28.
25
Suppose -237 = -6*j + 15. Calculate the remainder when j is divided by 17.
8
Let t = -131 + 133. Suppose -2*g + 2 = -d + t*d, -2*d + 3*g + 18 = 0. What is the remainder when 82 is divided by d?
4
Suppose -48*j = -2996 - 2428. Calculate the remainder when j is divided by 40.
33
Let h be 1/((1 - 5)/4). What is the remainder when 11 is divided by h*(-4 + -2*(-9)/(-6))?
4
Calculate the remainder when 129 is divided by 584/24 + -6 + 4/6.
15
Let t(k) be the first derivative of k**4/2 - 2*k**3/3 + 4*k**2 - 18*k - 18. What is the remainder when t(4) is divided by 31?
17
Let r(m) = -m**2 - 12*m - 6. Calculate the remainder when 71 is divided by r(-7).
13
Suppose -3*m - 60 = 2*m. Let k = m - -24. Calculate the remainder when 69 is divided by k.
9
Suppose 5*c - 287 = 2*n, -8*c - 283 = -13*c - 2*n. Calculate the remainder when c is divided by 6.
3
Let d(z) = 8*z - 20. What is the remainder when 69 is divided by d(8)?
25
Calculate the remainder when (-2)/4*-2*52 is divided by 29.
23
Suppose 4*p - 3*a = 1230, -3*a - 1536 = p - 6*p. Suppose u = -u + 3*d + p, -4*u = -2*d - 612. What is the remainder when u is divided by 39?
36
Suppose -144 = 5*g + 61. Let s = 54 + g. Suppose 5*u = -2*v + 133, -2*u + u + 37 = 3*v. What is the remainder when u is divided by s?
12
Suppose -4*y + 26 = -2. Let d = -4 + y. Suppose d*p = 5*h - 87, 5 = -p + 1. Calculate the remainder when 27 is divided by h.
12
Suppose -102*l + 230 = -46*l - 51*l. Let f = 13 + 13. Calculate the remainder when l is divided by f.
20
Suppose -670*n + 665*n = -665. Calculate the remainder when n is divided by 8.
5
Let l = 54 + -34. Let r be (1 - -4)*(-105)/25. Let w = r - -32. Calculate the remainder when l is divided by w.
9
Let g = -9 - -96. Let c be 3/6*-1*72. What is the remainder when g is divided by (c/45)/(2/(-75))?
27
Suppose 42*p - 28*p - 1820 = 0. What is the remainder when p is divided by 44?
42
Suppose -130*j + 4*w - 107 = -131*j, -2*w = 3*j - 311. Calculate the remainder when 2059 is divided by j.
102
What is the remainder when (12 - 6/(-3)) + 3 is divided by 10?
7
Suppose -2*w + 309 = 37. Let v = 112 - 66. Calculate the remainder when w is divided by v.
44
Suppose 72*w = 4586 + 166. Calculate the remainder when w is divided by 23.
20
Let x(l) = 5*l + 55. Let b(j) = -11*j - 108. Let i(m) = 3*b(m) + 7*x(m). What is the remainder when i(18) is divided by 20?
17
Let h = -277 - -346. Let f = -46 - -81. What is the remainder when h is divided by f?
34
Let h = -308 + 332. What is the remainder when (71/(-4))/((-2)/8) is divided by h?
23
Let h = -290 - -294. What is the 